at is 95a (base 13) in base 3?
2012010
What is -b9a (base 12) in base 14?
-898
13202 (base 4) to base 6
2122
What is -134333 (base 5) in base 15?
-19cd
What is -ab80 (base 12) in base 9?
-28006
Convert 251 (base 7) to base 2.
10000110
Convert 996c (base 16) to base 3.
1222212200
Convert -7856 (base 10) to base 4.
-1322300
Convert -d7 (base 15) to base 9.
-244
Convert -d43 (base 16) to base 5.
-102040
What is 100100100 (base 2) in base 10?
292
Convert -509 (base 11) to base 10.
-614
What is 1a26 (base 16) in base 10?
6694
What is 4086 (base 12) in base 6?
52250
What is -467 (base 11) in base 12?
-3a5
What is -46a (base 16) in base 3?
-1112212
2603 (base 10) to base 13
1253
Convert -10848 (base 9) to base 11.
-54a4
135 (base 12) to base 4
2321
-12020 (base 4) to base 16
-188
-1520 (base 8) to base 16
-350
What is 1312 (base 16) in base 5?
124012
346 (base 15) to base 10
741
1ce (base 15) to base 10
419
-240311 (base 5) to base 6
-104515
What is -256 (base 11) in base 7?
-612
What is -35a (base 13) in base 14?
-2d8
Convert -61316 (base 7) to base 15.
-463e
Convert -1113 (base 7) to base 12.
-296
What is -6a9 (base 11) in base 3?
-1011022
-122383 (base 9) to base 15
-16d9c
Convert 6d8 (base 15) to base 16.
611
Convert -353 (base 11) to base 5.
-3141
What is -241 (base 8) in base 6?
-425
36002 (base 8) to base 5
442422
Convert 2231 (base 13) to base 4.
1022210
3493 (base 10) to base 15
107d
Convert -1045 (base 7) to base 11.
-312
What is 1040 (base 8) in base 15?
264
Convert 11202221 (base 3) to base 14.
13a9
What is -225 (base 11) in base 5?
-2034
778 (base 10) to base 12
54a
Convert 202010021 (base 3) to base 13.
68a4
4294 (base 12) to base 6
53504
-11020221 (base 3) to base 16
-c1f
-6000 (base 7) to base 2
-100000001010
What is 6400 (base 8) in base 9?
4507
-10000202 (base 4) to base 16
-4022
Convert 112043 (base 5) to base 9.
5460
10242 (base 8) to base 2
1000010100010
511455 (base 6) to base 13
1560b
a065 (base 13) to base 12
10919
Convert -11f (base 16) to base 8.
-437
Convert 10a (base 14) to base 16.
ce
-10171 (base 12) to base 11
-1482a
-18453 (base 10) to base 12
-a819
Convert 135 (base 11) to base 9.
186
What is -457 (base 8) in base 3?
-102020
Convert 1015 (base 7) to base 10.
355
1bc (base 16) to base 14
23a
Convert 20020000 (base 3) to base 14.
1920
Convert afa (base 16) to base 9.
3762
Convert -10001110000 (base 2) to base 8.
-2160
Convert -6479 (base 15) to base 16.
-5310
-202 (base 5) to base 2
-110100
Convert 310 (base 11) to base 8.
566
What is 11100110010101 (base 2) in base 8?
34625
Convert -1077 (base 8) to base 3.
-210022
-1035 (base 8) to base 4
-20131
221241 (base 5) to base 9
11501
What is -10220201 (base 3) in base 11?
-2165
Convert 120133 (base 4) to base 7.
4366
5a2 (base 14) to base 5
13442
What is 307 (base 8) in base 16?
c7
What is -30411 (base 5) in base 9?
-2641
What is 22430 (base 6) in base 11?
2437
What is -20360 (base 7) in base 8?
-11577
What is -15ac6 (base 15) in base 5?
-4214221
What is 2353 (base 11) in base 3?
11020012
-88aa (base 15) to base 5
-1411320
305511 (base 6) to base 5
1241340
What is 42456 (base 7) in base 9?
15386
What is -2213323 (base 4) in base 2?
-10100111111011
Convert -101101001001101 (base 2) to base 5.
-1214432
2032023 (base 4) to base 5
242344
What is 1011111110011 (base 2) in base 8?
13763
-122122 (base 3) to base 15
-21b
What is -539 (base 16) in base 14?
-6b7
Convert 2210030 (base 4) to base 2.
10100100001100
22102103 (base 4) to base 15
c73b
9446 (base 11) to base 2
11000011100001
What is -375 (base 10) in base 5?
-3000
5a26 (base 13) to base 6
134455
-1516 (base 12) to base 5
-34331
-a7e (base 16) to base 9
-3614
41650 (base 8) to base 4
10032220
-121110021 (base 3) to base 12
-6b37
What is 102 (base 12) in base 15?
9b
Convert 78d (base 14) to base 10.
1497
What is -271 (base 11) in base 7?
-635
110000100011011 (base 2) to base 4
12010123
Convert 555 (base 10) to base 6.
2323
What is -1301013 (base 4) in base 16?
-1c47
-10344 (base 9) to base 10
-6844
What is -112043 (base 5) in base 15?
-12d3
What is -53a (base 12) in base 13?
-46c
Convert -11001101100101 (base 2) to base 12.
-7745
What is 10013 (base 8) in base 15?
133c
What is 10f (base 16) in base 3?
101001
-1305 (base 10) to base 8
-2431
-1327 (base 9) to base 6
-4341
Convert 19895 (base 14) to base 3.
10021220102
-1cf (base 16) to base 10
-463
3132 (base 5) to base 15
1cc
What is 421 (base 5) in base 13?
87
What is 1100011001011101 (base 2) in base 9?
76583
What is -634 (base 9) in base 8?
-1005
-121a (base 11) to base 2
-11000111010
Convert 21302100 (base 4) to base 14.
1086c
-119d4 (base 15) to base 13
-1c78c
What is -69589 (base 10) in base 4?
-100333111
What is -1a61 (base 12) in base 13?
-1624
Convert 27650 (base 8) to base 10.
12200
Convert -1567 (base 8) to base 14.
-475
Convert -1423033 (base 5) to base 16.
-7448
What is -311 (base 12) in base 13?
-283
What is 5896 (base 13) in base 12?
7264
-72 (base 8) to base 10
-58
Convert 3165 (base 7) to base 12.
799
-34823 (base 9) to base 4
-11223210
What is -50130 (base 6) in base 15?
-1e09
What is -110014 (base 5) in base 6?
-25223
-1000101000000101 (base 2) to base 11
-24601
What is 3123 (base 5) in base 3?
120022
-12343 (base 6) to base 10
-1863
What is 11020 (base 3) in base 12?
96
What is 113203 (base 4) in base 6?
10551
Convert -5658 (base 12) to base 13.
-4484
What is 460 (base 9) in base 4?
11322
What is -141 (base 7) in base 8?
-116
Convert -4ede (base 15) to base 14.
-6203
What is 3a3 (base 12) in base 4?
20223
532 (base 6) to base 11
172
2b1 (base 13) to base 5
3412
-4004404 (base 5) to base 8
-173200
Convert 40357 (base 8) to base 10.
16623
3718 (base 12) to base 2
1100001000100
What is 3932 (base 10) in base 9?
5348
Convert -21111 (base 6) to base 5.
-42401
2a01 (base 12) to base 5
124042
-660 (base 10) to base 8
-1224
What is 26156 (base 8) in base 12?
66ba
-3631 (base 7) to base 6
-10121
110343 (base 7) to base 5
1110021
Convert 110120212 (base 3) to base 7.
35516
-31113 (base 4) to base 6
-3543
-2a77 (base 11) to base 13
-1a54
What is 33310 (base 4) in base 9?
1344
What is -30513 (base 8) in base 3?
-122022101
-177751 (base 8) to base 6
-1223145
e8 (base 15) to base 13
13a
What is 28b0 (base 13) in base 10?
5889
-30dc (base 16) to base 13
-5902
Convert 111243 (base 7) to base 3.
222222220
Convert 3132211 (base 4) to base 13.
663a
393 (base 10) to base 11
328
Convert -227 (base 9) to base 14.
-d5
a187 (base 15) to base 10
34102
What is 12022111 (base 3) in base 6?
25534
1031 (base 11) to base 16
555
-101133 (base 4) to base 12
-793
1312 (base 13) to base 15
c14
-224 (base 14) to base 3
-120201
Convert -3202 (base 5) to base 13.
-26b
Convert 1001212 (base 4) to base 10.
4198
3035 (base 8) to base 3
2010222
Convert a233 (base 11) to base 5.
413323
What is 7058 (base 9) in base 2?
1010000100100
Convert 20322 (base 5) to base 11.
1006
Convert -12b (base 16) to base 6.
-1215
-1001121 (base 3) to base 11
-642
-2221202 (base 3) to base 8
-4151
Convert -42e3 (base 16) to base 14.
-6351
Convert -10451 (base 7) to base 10.
-2633
321010 (base 4) to base 10
3652
1c9 (base 15) to base 5
3124
-b537 (base 12) to base 9
-30107
Convert d73 (base 14) to base 5.
41044
What is -2613 (base 8) in base 16?
-58b
What is 1011011100100011 (base 2) in base 3?
2101022102
Convert -42cb (base 13) to base 12.
-5465
What is 5475 (base 14) in base 8?
34417
-21f (base 16) to base 8
-1037
Convert -ab6 (base 14) to base 3.
-2220112
What is 200012 (base 3) in base 12?
34b
What is 35755 (base 11) in base 4?
30210131
Convert 20001 (base 3) to base 6.
431
Convert -1ab2 (base 16) to base 11.
-5153
cad (base 15) to base 11
2173
126 (base 10) to base 8
176
What is -4ee7 (base 16) in base 11?
-141a3
Convert -1621 (base 13) to base 5.
-100423
Convert -201033 (base 5) to base 11.
-4892
What is 9394 (base 11) in base 4?
3002131
What is 2062 (base 10) in base 7?
6004
What is -224234 (base 5) in base 14?
-2d25
24031 (base 7) to base 12
3704
131 (base 5) to base 7
56
What is -1aa8 (base 11) in base 15?
-bc4
1010001111 (base 2) to base 12
467
Convert 1251 (base 10) to base 12.
883
-588 (base 13) to base 12
-679
Convert 254124 (base 6) to base 15.
6bed
What is ea (base 15) in base 3?
22011
What is -220222